
True
Does 32 divide 18464?
True
Is 15 a factor of 225?
True
Is 1333 a multiple of 60?
False
Is 17 a factor of 799?
True
Is 9 a factor of 4418?
False
Is 11 a factor of 4400?
True
Is 873 a multiple of 54?
False
Is 14 a factor of 21288?
False
Is 29 a factor of 1102?
True
Does 20 divide 83802?
False
Is 2769 a multiple of 213?
True
Does 6 divide 6954?
True
Is 21 a factor of 982?
False
Is 2125 a multiple of 25?
True
Is 47 a factor of 1457?
True
Does 3 divide 23?
False
Is 80 a factor of 2800?
True
Does 5 divide 95?
True
Is 14 a factor of 346?
False
Is 4 a factor of 3156?
True
Is 20 a factor of 414?
False
Is 13440 a multiple of 42?
True
Does 15 divide 37650?
True
Is 4 a factor of 8268?
True
Is 58 a factor of 5742?
True
Does 28 divide 26124?
True
Is 2 a factor of 33?
False
Does 27 divide 70283?
False
Is 6234 a multiple of 113?
False
Does 16 divide 8144?
True
Is 17 a factor of 34097?
False
Is 21030 a multiple of 9?
False
Is 25 a factor of 12925?
True
Does 5 divide 6130?
True
Does 13 divide 6806?
False
Is 1085 a multiple of 16?
False
Is 41 a factor of 2542?
True
Is 66 a multiple of 33?
True
Is 86 a multiple of 34?
False
Is 294 a factor of 9702?
True
Does 10 divide 270?
True
Is 27 a factor of 1458?
True
Is 11 a factor of 3256?
True
Is 406 a multiple of 40?
False
Does 25 divide 27275?
True
Is 16055 a multiple of 247?
True
Does 19 divide 6429?
False
Does 2 divide 43?
False
Does 24 divide 1417?
False
Does 10 divide 1450?
True
Is 29 a factor of 5510?
True
Is 44 a factor of 10917?
False
Is 1397 a multiple of 39?
False
Is 97 a multiple of 19?
False
Is 46606 a multiple of 14?
True
Is 67880 a multiple of 202?
False
Is 1198 a multiple of 19?
False
Is 244 a multiple of 8?
False
Is 38916 a multiple of 414?
True
Is 448 a multiple of 8?
True
Is 758 a multiple of 4?
False
Does 28 divide 1630?
False
Does 4 divide 12694?
False
Is 342 a multiple of 38?
True
Does 70 divide 1750?
True
Does 46 divide 263?
False
Does 18 divide 1057?
False
Is 116 a factor of 4988?
True
Is 23 a factor of 7859?
False
Is 679 a multiple of 4?
False
Is 37 a factor of 30363?
False
Is 61 a multiple of 10?
False
Does 13 divide 156?
True
Is 36 a factor of 5865?
False
Is 152 a multiple of 17?
False
Is 660 a multiple of 6?
True
Is 19608 a multiple of 344?
True
Does 7 divide 24439?
False
Does 28 divide 4312?
True
Does 25 divide 1725?
True
Is 229 a factor of 19194?
False
Does 10 divide 240?
True
Is 2372 a multiple of 10?
False
Does 4 divide 8025?
False
Does 55 divide 8168?
False
Is 427 a multiple of 7?
True
Is 2 a factor of 76?
True
Does 55 divide 5295?
False
Does 11 divide 1140?
False
Is 184 a multiple of 4?
True
Does 13 divide 3118?
False
Is 18 a factor of 2331?
False
Is 38480 a multiple of 74?
True
Is 14 a factor of 465?
False
Is 2376 a multiple of 11?
True
Is 2037 a multiple of 3?
True
Does 8 divide 856?
True
Is 1104 a multiple of 48?
True
Does 7 divide 154?
True
Is 52 a factor of 6812?
True
Does 22 divide 1322?
False
Is 498 a multiple of 7?
False
Does 15 divide 6517?
False
Is 7902 a multiple of 26?
False
Is 528 a multiple of 11?
True
Does 2 divide 27?
False
Is 446 a multiple of 40?
False
Is 5158 a multiple of 2?
True
Is 8 a factor of 3368?
True
Is 15232 a multiple of 72?
False
Is 8 a factor of 484?
False
Is 14 a factor of 1834?
True
Is 16 a factor of 762?
False
Is 7 a factor of 435?
False
Is 32 a factor of 25216?
True
Is 294 a multiple of 3?
True
Is 18 a factor of 6048?
True
Does 21 divide 1344?
True
Is 12 a factor of 4644?
True
Is 107 even?
False
Is 35085 a multiple of 15?
True
Does 73 divide 21608?
True
Is 887 a multiple of 20?
False
Is 43 a factor of 2885?
False
Is 210 a multiple of 15?
True
Is 11 a factor of 1407?
False
Is 42 a factor of 3654?
True
Does 8 divide 208?
True
Is 38 a factor of 14820?
True
Is 8978 a multiple of 72?
False
Is 4 a factor of 1594?
False
Does 73 divide 54321?
False
Is 11 a factor of 781?
True
Is 94 a factor of 62510?
True
Is 4204 a multiple of 4?
True
Does 36 divide 1913?
False
Is 18 a factor of 16615?
False
Is 21 a factor of 18624?
False
Does 3 divide 411?
True
Is 1693 a multiple of 19?
False
Is 273 a multiple of 21?
True
Is 1310 a multiple of 5?
True
Is 4174 a multiple of 5?
False
Is 53 a factor of 258?
False
Is 11 a factor of 29348?
True
Is 13 a factor of 6097?
True
Is 46 a factor of 1736?
False
Is 59387 a multiple of 351?
False
Is 7 a factor of 5327?
True
Is 3267 a multiple of 27?
True
Does 68 divide 8976?
True
Does 9 divide 1174?
False
Is 32 a factor of 4928?
True
Is 99 a factor of 6138?
True
Is 836 a multiple of 40?
False
Does 12 divide 5100?
True
Is 20 a factor of 808?
False
Is 34 a factor of 612?
True
Does 10 divide 630?
True
Is 3528 a multiple of 8?
True
Is 2 a factor of 345?
False
Does 16 divide 81792?
True
Does 38 divide 205?
False
Does 8 divide 158?
False
Does 4 divide 870?
False
Does 25 divide 5300?
True
Is 2 a factor of 37?
False
Does 85 divide 19210?
True
Is 8 a factor of 2088?
True
Is 66 a factor of 3911?
False
Is 2709 a multiple of 43?
True
Does 5 divide 2390?
True
Is 24 a factor of 1104?
True
Does 44 divide 12605?
False
Is 110 a multiple of 4?
False
Is 308 a multiple of 11?
True
Is 2024 a multiple of 92?
True
Is 992 a multiple of 4?
True
Is 788 a multiple of 70?
False
Does 6 divide 16776?
True
Does 7 divide 1183?
True
Is 876 a multiple of 4?
True
Is 32 a factor of 1047?
False
Is 19936 a multiple of 10?
False
Is 5 a factor of 405?
True
Is 816 a multiple of 144?
False
Is 708 a multiple of 6?
True
Is 810 a multiple of 15?
True
Is 3662 a multiple of 17?
False
Is 4285 a multiple of 5?
True
Does 49 divide 4163?
False
Is 71 a factor of 93365?
True
Is 593 a multiple of 41?
False
Does 54 divide 591?
False
Is 4054 a multiple of 27?
False
Does 60 divide 1500?
True
Does 44 divide 87475?
False
Is 682 a multiple of 62?
True
Is 47 a factor of 38305?
True
Does 11 divide 92030?
False
Does 7 divide 322?
True
Is 73 a factor of 24209?
False
Is 22 a factor of 24416?
False
Is 25 a factor of 4525?
True
Is 51 a factor of 446?
False
Is 37 a factor of 6327?
True
Is 9888 a multiple of 24?
True
Is 15 a factor of 118425?
True
Is 13830 a multiple of 30?
True
Does 3 divide 5086?
False
Is 4988 a multiple of 4?
True
Is 152 a multiple of 8?
True
Is 124 a factor of 3952?
False
Is 60 a multiple of 3?
True
Is 800 a multiple of 10?
True
Does 5 divide 23?
False
Does 103 divide 2318?
False
Is 8 a factor of 512?
True
Is 1666 a multiple of 14?
True
Is 91 a factor of 7553?
True
Is 83 a factor of 53003?
False
Is 7 a factor of 1327?
False
Does 93 divide 1860?
True
Is 813 a multiple of 15?
False
Is 5658 a multiple of 23?
True
Is 42 a factor of 9954?
True
Is 10420 a multiple of 20?
True
Does 9 divide 10449?
True
Is 19208 a multiple of 14?
True
Does 89 divide 7921?
True
Is 2250 a multiple of 5?
True
Is 710 a multiple of 71?
True
Does 15 divide 9225?
True
Is 65556 a multiple of 108?
True
Is 53 a factor of 190?
False
Does 46 divide 20608?
True
Is 25 a factor of 122021?
False
Is 23 a factor of 23510?
False
Is 4356 a multiple of 132?
True
Does 74 divide 10508?
True
Does 54 divide 4752?
True
Does 20 divide 4520?
True
Is 3531 a multiple of 107?
True
Does 8 divide 27552?
True
Does 7 divide 23632?
True
Is 507 a multiple of 13?
True
Does 12 divide 5639?
False
Is 22 a factor of 16790?
False
Is 111 a factor of 20313?
True
Does 44 divide 663?
False
Is 8070 a multiple of 46?
False
Does 3 divide 28143?
True
Is 156360 a multiple of 106?
False
Does 93 divide 2139?
True
Is 36 a factor of 1744?
False
Is 8 a factor of 124224?
True
Does 95 divide 4370?
True
Is 47 a factor of 2996?
False
Does 10 divide 41086?
False
Does 79 divide 10051?
False
Does 188 divide 40847?
False
Does 24 divide 76744?
False
Does 82 divide 2961?
False
Is 9 a factor of 118?
False
Is 12036 a multiple of 4?
True
Is 6 a factor of 5730?
True
Is 238914 a multiple of 13?
True
Is 55024 a multiple of 38?
True
Is 4 a factor of 288?
True
Does 8 divide 699?
False
Is 8 a factor of 688?
True
Is 1117 even?
False
Is 316 a multiple of 5?
False
Is 27 a factor of 399?
False
Is 52 a factor of 364?
True
Does 21 divide 11793?
False
Is 71 a factor of 411?
False
Is 24 a factor of 120?
True
Is 22749 a multiple of 33?
False
Does 12 divide 30?
False
Is 16 a factor of 3744?
True
Is 950 a multiple of 38?
True
Is 27 a factor of 351?
True
Does 50 divide 25450?
True
Does 108 